e of 236?
True
Is 7476578 a multiple of 11?
False
Does 72 divide 297378987?
False
Does 2 divide 208968232?
True
Is 344860835 a multiple of 5?
True
Does 910 divide 3447811247?
False
Is 20 a factor of 1954901300?
True
Does 81 divide 286161903?
True
Is 3627259 a multiple of 3?
False
Is 4 a factor of 2087269?
False
Is 202 a factor of 2404708394?
True
Does 24 divide 689392383?
False
Is 2106 a factor of 33291648?
True
Is 16 a factor of 84069760?
True
Does 3 divide 469480356?
True
Is 1299 a factor of 66111306?
True
Is 246 a factor of 9139392?
True
Is 140 a factor of 2040207416?
False
Is 259221200 a multiple of 86?
True
Is 9 a factor of 73526688?
True
Is 643 a factor of 115908230?
False
Is 2929789882 a multiple of 882?
False
Does 30 divide 26192970?
True
Is 1190 a factor of 16119740?
True
Is 4234676 a multiple of 201?
False
Is 327903948 a multiple of 1415?
False
Is 27411956 a multiple of 4?
True
Is 25 a factor of 12005598?
False
Does 753 divide 19172133?
True
Is 3791 a factor of 562203315?
False
Is 129836685 a multiple of 55?
True
Is 13 a factor of 222212094?
True
Is 24709531 a multiple of 15?
False
Is 354897132 a multiple of 9?
False
Is 250 a factor of 156950500?
True
Is 9770046 even?
True
Is 8 a factor of 15424024?
True
Does 6 divide 65941914?
True
Is 51869456 a multiple of 4817?
True
Is 41692786 a multiple of 25?
False
Is 1581543166 a multiple of 2527?
True
Does 50 divide 215571361?
False
Is 3513 a factor of 12829476?
True
Is 222083039 a multiple of 19?
True
Does 19 divide 294679379?
True
Does 313 divide 3550764067?
False
Is 371137585 a multiple of 256?
False
Does 1724 divide 4656524?
True
Does 5 divide 10412031?
False
Is 33 a factor of 41296497?
True
Does 237 divide 19433753?
False
Is 100871240 a multiple of 10?
True
Is 563342362 a multiple of 11?
True
Is 37217900 a multiple of 10?
True
Is 499 a factor of 135928834?
False
Is 440 a factor of 373349680?
True
Is 1497726679 a multiple of 2453?
False
Is 1639 a factor of 127234459?
False
Is 401 a factor of 228332009?
False
Does 69 divide 299432469?
True
Does 15 divide 113254093?
False
Does 386 divide 109912448?
False
Is 47467040 a multiple of 32?
True
Does 19 divide 39822667?
False
Is 1198 a factor of 355605934?
True
Does 371 divide 34554940?
True
Is 23 a factor of 24415628?
False
Is 11950568 a multiple of 7?
True
Is 338 a factor of 44303688?
True
Is 1015984392 a multiple of 31?
False
Is 25 a factor of 9180675?
True
Does 50 divide 69284050?
True
Does 5 divide 2681591?
False
Is 94562041 a multiple of 2159?
True
Is 32918604 a multiple of 6?
True
Does 171 divide 2101615992?
True
Is 2944035040 a multiple of 33?
False
Is 127 a factor of 7960591?
False
Is 6 a factor of 9592597?
False
Does 97 divide 12713305?
True
Is 13831280 a multiple of 920?
True
Is 105358362 a multiple of 22?
False
Does 989 divide 2476589762?
False
Does 75 divide 3335785350?
True
Is 30505530 a multiple of 5718?
True
Is 48 a factor of 177581923?
False
Does 7 divide 18360139?
True
Is 120 a factor of 1016361?
False
Does 1407 divide 149700579?
True
Does 70 divide 26734813?
False
Is 4 a factor of 84669212?
True
Does 121 divide 3421062524?
True
Does 265 divide 31821602?
False
Does 6 divide 1747493?
False
Does 209 divide 11202275?
False
Does 28 divide 147396968?
False
Is 28107223 a multiple of 101?
False
Is 471 a factor of 3026646?
True
Is 1394333 a multiple of 7?
False
Does 1147 divide 611705423?
True
Does 154 divide 261772742?
True
Is 103 a factor of 249423358?
True
Is 105538029 a multiple of 202?
False
Is 141 a factor of 21295371?
True
Is 210 a factor of 10633901?
False
Is 10 a factor of 98731269?
False
Does 293 divide 3926878994?
False
Does 949 divide 69221009?
True
Does 4 divide 25344232?
True
Does 2178 divide 58274568?
True
Does 1281 divide 1432307877?
True
Does 10 divide 748239360?
True
Is 2207962100 a multiple of 61?
True
Is 99794795 a multiple of 297?
False
Does 5 divide 6170053?
False
Is 38979871 a multiple of 2917?
True
Is 215890856 a multiple of 63?
False
Does 43 divide 649068230?
True
Is 2239087211 a multiple of 7?
False
Is 5908170 a multiple of 124?
False
Is 316 a factor of 102431716?
True
Does 27 divide 291035808?
True
Does 11681 divide 2970830416?
False
Is 1964060 a multiple of 170?
False
Does 152 divide 28013600?
True
Is 777690872 a multiple of 1481?
True
Is 28 a factor of 2146620448?
True
Does 10 divide 12829940?
True
Is 19 a factor of 2157504330?
False
Is 478040252 a multiple of 62?
False
Is 127403830 a multiple of 464?
False
Is 2470 a factor of 89816610?
True
Does 269 divide 201138025?
True
Is 4 a factor of 27208644?
True
Is 5 a factor of 1497741?
False
Is 856 a factor of 31857471?
False
Is 12300639 a multiple of 17?
True
Does 10 divide 70026680?
True
Is 212763885 a multiple of 9?
False
Is 1785 a factor of 2349845639?
False
Does 927 divide 661529334?
False
Does 681 divide 80104668?
True
Does 398 divide 62118248?
True
Is 164373072 a multiple of 290?
False
Does 381 divide 109203744?
True
Does 3 divide 342725405?
False
Does 134 divide 366026355?
False
Does 4550 divide 1521997750?
True
Is 58637179 a multiple of 72?
False
Is 986612433 a multiple of 1904?
False
Does 641 divide 27315013?
False
Does 11189 divide 1220470476?
False
Is 1465 a factor of 96760320?
True
Is 9 a factor of 1836905634?
True
Does 38 divide 217284624?
False
Does 8 divide 117087219?
False
Is 30 a factor of 42103252?
False
Is 4451 a factor of 149609045?
False
Is 28 a factor of 751358435?
False
Does 130 divide 139048166?
False
Is 404 a factor of 183683952?
False
Does 458 divide 4729959276?
True
Does 585 divide 169207740?
True
Is 51885504 a multiple of 342?
True
Is 9892876 a multiple of 6?
False
Does 21 divide 39803321?
False
Is 211585700 a multiple of 45?
False
Is 56 a factor of 2100096544?
True
Is 279998550 a multiple of 130?
True
Is 11357346 a multiple of 232?
False
Is 230 a factor of 268796919?
False
Is 299777770 a multiple of 32?
False
Is 141 a factor of 167411697?
True
Does 3 divide 80900472?
True
Is 454882079 a multiple of 2418?
False
Does 35 divide 39404593?
False
Does 280 divide 149981765?
False
Does 254 divide 146678192?
False
Is 64987836 a multiple of 14?
False
Is 267 a factor of 4055961879?
False
Does 372 divide 38860851?
False
Is 28028591 a multiple of 51?
False
Is 35451000 a multiple of 14?
False
Does 172 divide 20970725?
False
Is 1023 a factor of 20299421?
False
Does 10 divide 2737152938?
False
Does 798 divide 457005886?
False
Does 233 divide 12577107?
True
Is 125181980 a multiple of 58?
True
Is 514 a factor of 219079724?
False
Is 1412699327 a multiple of 2879?
False
Is 30215290 a multiple of 34?
True
Is 853 a factor of 3108332?
True
Is 612 a factor of 16154025?
False
Does 2376 divide 45825912?
True
Is 4 a factor of 32723965?
False
Is 443895606 a multiple of 18?
True
Is 15759164 a multiple of 810?
False
Does 340 divide 5003484679?
False
Does 88 divide 118635792?
True
Is 353 a factor of 656417973?
True
Is 64881647 a multiple of 15?
False
Does 86 divide 621160747?
False
Is 370295530 a multiple of 4974?
False
Does 61 divide 34338486?
True
Is 2581 a factor of 149633631?
False
Does 13 divide 1642332090?
False
Is 769 a factor of 428204577?
True
Is 695130898 a multiple of 14?
True
Does 137 divide 191755975?
False
Is 1614287468 a multiple of 5756?
True
Is 191051965 a multiple of 311?
True
Is 21879228 a multiple of 161?
False
Does 93 divide 120397242?
True
Is 38079451 a multiple of 24?
False
Does 3 divide 301366012?
False
Is 2267 a factor of 28741026?
True
Is 4371567 a multiple of 3624?
False
Does 663 divide 147624906?
True
Is 317329381 a multiple of 18?
False
Is 8 a factor of 9932524?
False
Does 488 divide 206645552?
True
Is 521 a factor of 647743670?
True
Does 68 divide 57275516?
True
Is 131366335 a multiple of 169?
False
Is 47230205 a multiple of 55?
True
Is 12193751 a multiple of 6?
False
Is 316683460 a multiple of 1103?
False
Does 2389 divide 768009248?
False
Does 58 divide 2102591756?
True
Is 1768 a factor of 3712552301?
False
Does 270 divide 39333739?
False
Is 7139221 a multiple of 66?
False
Is 7 a factor of 4446759?
False
Does 35 divide 129080805?
True
Is 5465472 a multiple of 192?
True
Is 83 a factor of 47488284?
True
Does 38 divide 215414020?
True
Does 6 divide 4978076?
False
Does 336 divide 130400918?
False
Is 10 a factor of 81389792?
False
Is 2